{"id":21020,"date":"2019-09-29T12:03:59","date_gmt":"2019-09-29T10:03:59","guid":{"rendered":"https:\/\/haafsts-logistik.de\/lagerbaerenstein\/?page_id=21020"},"modified":"2019-09-29T12:04:28","modified_gmt":"2019-09-29T10:04:28","slug":"cookie-einstellungen","status":"publish","type":"page","link":"https:\/\/haafsts-logistik.de\/lagerbaerenstein\/cookie-einstellungen\/","title":{"rendered":"Cookie Einstellungen"},"content":{"rendered":"<section class=\"wpb-content-wrapper\"><section class=\"vc_row wpb_row vc_row-fluid  vc_custom_1569750435424 vc_row-has-fill\"><div class=\"wpb_column vc_column_container vc_col-sm-2  col-xs-mobile-fullwidth\"><div class=\"vc_column-inner \"><div class=\"wpb_wrapper\"><\/div><\/div><\/div><div class=\"wpb_column vc_column_container vc_col-sm-8  col-xs-mobile-fullwidth\"><div class=\"vc_column-inner \"><div class=\"wpb_wrapper\"><div class=\"last-paragraph-no-margin\"><p>[wpca_cc_settings_box]<\/p>\n<\/div><\/div><\/div><\/div><div class=\"wpb_column vc_column_container vc_col-sm-2  col-xs-mobile-fullwidth\"><div class=\"vc_column-inner \"><div class=\"wpb_wrapper\"><\/div><\/div><\/div><\/section><section class=\"vc_row wpb_row vc_row-fluid  vc_custom_1569750527237 vc_row-has-fill\"><div class=\"wpb_column vc_column_container vc_col-sm-3  col-xs-mobile-fullwidth\"><div class=\"vc_column-inner \"><div class=\"wpb_wrapper\"><\/div><\/div><\/div><div class=\"wpb_column vc_column_container vc_col-sm-6  col-xs-mobile-fullwidth\"><div class=\"vc_column-inner \"><div class=\"wpb_wrapper\"><div class=\"last-paragraph-no-margin\"><p><strong>Weitere Hinweise:<\/strong><br \/>\nDer Einfachheit halber werden vorhandene Cookies in Gruppen zusammengefasst. Dadurch wird vermieden, dass Sie unz\u00e4hlige Entscheidungen treffen m\u00fcssen und die \u00dcbersichtlichkeit verloren geht.<\/p>\n<ol class=\"cookie-settings\">\n<li><strong>Was sind \u201eFunctional\u201c Cookies?<\/strong><br \/>\nAls \u201eFunctional\u201c Cookies bezeichnen wir Cookies, welche f\u00fcr den reibungslosen Betrieb der Webseite notwendig sind. \u201eFunctional\u201c Cookies sind reine \u201eInhouse-Cookies\u201c. Das hei\u00dft, die Cookies werden direkt von dem Content-Management-System (WordPress) unserer Webseite zur Verf\u00fcgung gestellt \/ ben\u00f6tigt. Es werden keine Daten an Drittanbieter \u00fcbermittelt.<\/li>\n<li><strong>Was sind \u201eAnalytical\u201c Cookies?<\/strong><br \/>\n\u201eAnalytical\u201c Cookies sind notwendig, um den Besucherfluss auf der Webseite zu messen. Diese Daten sind f\u00fcr uns interessant, um sowohl den Aufbau und das Angebot auf unserer Webseite zu verbessern, als auch das hohe Sicherheits-Niveau unserer Plattform dauerhaft zu gew\u00e4hrleisten.<\/li>\n<li><strong>Was sind \u201eSocial media\u201c Cookies?<\/strong><br \/>\nDamit Social Media Schnittstellen verwendet werden k\u00f6nnen, sind spezielle Plugins notwendig. Diese Plugins funktionieren nur dann ordentlich und sicher, wenn bestimmte Daten mit der Social Media Plattform ausgetauscht werden. Dies erfolgt \u00fcber so genannte \u201eSocial media\u201c Cookies. Auf unserer Webseite setzen wir keine Social media Cookies ein.<\/li>\n<li><strong>Was sind \u201eAdvertising\u201c Cookies?<\/strong><br \/>\n\u201eAdvertising\u201c Cookies sind kleine Bestandteile von digitalen Werbeprogrammen, die dabei helfen, den Erfolg einer Werbung zu belegen. \u201eAdvertising\u201c Cookies messen beispielsweise, ob ein Werbebanner angeklickt worden ist. Auf unserer Webseite setzen wir keine Advertising Cookies ein.<\/li>\n<li><strong>Was sind \u201eOther\u201c Cookies?<\/strong><br \/>\nIn dieser Kategorie finden sich jene Cookies, welche nicht anders zugeordnet werden konnten. Auf unserer Webseite setzen wir keine Art von solchen Cookies ein.<\/li>\n<\/ol>\n<p>Weitere Informationen zur Verwendung von Cookies und der damit verbundenen Datenverarbeitung finden Sie auch in unserer <a href=\"https:\/\/haafsts-logistik.de\/lagerbaerenstein\/datenschutzerklaerung\/\">Datenschutzerkl\u00e4rung<\/a>.<\/p>\n<\/div><\/div><\/div><\/div><div class=\"wpb_column vc_column_container vc_col-sm-3  col-xs-mobile-fullwidth\"><div class=\"vc_column-inner \"><div class=\"wpb_wrapper\"><\/div><\/div><\/div><\/section>\n<\/section>","protected":false},"excerpt":{"rendered":"[wpca_cc_settings_box] Weitere Hinweise: Der Einfachheit halber werden vorhandene Cookies in Gruppen zusammengefasst. Dadurch wird vermieden, dass Sie unz\u00e4hlige Entscheidungen treffen m\u00fcssen und die \u00dcbersichtlichkeit verloren geht. Was sind \u201eFunctional\u201c Cookies? Als \u201eFunctional\u201c Cookies bezeichnen wir Cookies, welche f\u00fcr den reibungslosen Betrieb der Webseite notwendig sind. \u201eFunctional\u201c Cookies sind reine \u201eInhouse-Cookies\u201c. Das hei\u00dft, die Cookies werden direkt von dem Content-Management-System (Wordpress) unserer Webseite zur Verf\u00fcgung gestellt \/ ben\u00f6tigt. Es werden keine Daten an Drittanbieter \u00fcbermittelt. Was sind \u201eAnalytical\u201c Cookies? \u201eAnalytical\u201c Cookies sind notwendig, um den Besucherfluss auf der Webseite zu messen. Diese Daten sind f\u00fcr uns interessant, um sowohl den Aufbau und das Angebot auf unserer Webseite zu verbessern, als auch das hohe Sicherheits-Niveau unserer Plattform dauerhaft zu gew\u00e4hrleisten. Was sind \u201eSocial media\u201c Cookies? Damit Social Media Schnittstellen verwendet werden k\u00f6nnen, sind spezielle Plugins notwendig. Diese Plugins funktionieren nur dann ordentlich und sicher, wenn bestimmte Daten mit der Social Media Plattform ausgetauscht werden. Dies erfolgt \u00fcber so genannte \u201eSocial media\u201c Cookies. Auf unserer Webseite setzen wir keine Social media Cookies ein. Was sind \u201eAdvertising\u201c Cookies? \u201eAdvertising\u201c Cookies sind kleine Bestandteile von digitalen Werbeprogrammen, die dabei helfen, den Erfolg einer Werbung zu belegen. \u201eAdvertising\u201c Cookies messen beispielsweise, ob ein Werbebanner angeklickt worden...","protected":false},"author":1,"featured_media":0,"parent":0,"menu_order":0,"comment_status":"closed","ping_status":"closed","template":"","meta":{"footnotes":""},"class_list":["post-21020","page","type-page","status-publish","hentry"],"_links":{"self":[{"href":"https:\/\/haafsts-logistik.de\/lagerbaerenstein\/wp-json\/wp\/v2\/pages\/21020"}],"collection":[{"href":"https:\/\/haafsts-logistik.de\/lagerbaerenstein\/wp-json\/wp\/v2\/pages"}],"about":[{"href":"https:\/\/haafsts-logistik.de\/lagerbaerenstein\/wp-json\/wp\/v2\/types\/page"}],"author":[{"embeddable":true,"href":"https:\/\/haafsts-logistik.de\/lagerbaerenstein\/wp-json\/wp\/v2\/users\/1"}],"replies":[{"embeddable":true,"href":"https:\/\/haafsts-logistik.de\/lagerbaerenstein\/wp-json\/wp\/v2\/comments?post=21020"}],"version-history":[{"count":2,"href":"https:\/\/haafsts-logistik.de\/lagerbaerenstein\/wp-json\/wp\/v2\/pages\/21020\/revisions"}],"predecessor-version":[{"id":21022,"href":"https:\/\/haafsts-logistik.de\/lagerbaerenstein\/wp-json\/wp\/v2\/pages\/21020\/revisions\/21022"}],"wp:attachment":[{"href":"https:\/\/haafsts-logistik.de\/lagerbaerenstein\/wp-json\/wp\/v2\/media?parent=21020"}],"curies":[{"name":"wp","href":"https:\/\/api.w.org\/{rel}","templated":true}]}}